igit of n?
8
Suppose 3*j - 7*p - 32 = -2*p, 0 = -2*j - 2*p + 16. Let i = j + -6. Suppose 3*t + 4*m = 93, -i*t + m = -2*t - 31. What is the tens digit of t?
3
Suppose -4*q - 9*q = -1014. What is the units digit of q?
8
Suppose -5*p = -2*a + 378, -4*a + 0*a + 808 = 3*p. Let z = 291 - a. What is the tens digit of z?
9
Let f(j) = -241*j - 1044. What is the thousands digit of f(-23)?
4
Suppose a + 3*s = 8, -1 = -a - a - 3*s. What is the units digit of ((-12)/a)/(7/49)?
2
Suppose 3*m - m = 20. Suppose -m*h = -3*h - 798. What is the tens digit of h?
1
Suppose 4 + 14 = 3*y. Let m be 21/3 + y/(-2). Suppose 0 = 5*x - m*x - 22. What is the units digit of x?
2
Let x be 36 - 1 - (0/3)/1. Let l = x + -34. What is the units digit of l?
1
Let w(h) = 2*h**2 + 63 - 5*h + 0*h - 38. What is the units digit of w(7)?
8
Suppose 2*a = -a + w + 10, -3*a - w = -14. Suppose 2 = -2*j - 0*j + 2*u, -5*j = -a*u. Suppose -i + 284 = 3*i - 4*m, 4*m + j = 0. What is the tens digit of i?
7
Suppose b - 12 = -0*b - 3*o, 2*b + o - 29 = 0. Suppose -9*t - b = -12*t. Suppose 18 = t*u + u. What is the units digit of u?
3
Let f = 2569 - 1052. What is the units digit of f?
7
Let h = 1558 + -1167. What is the hundreds digit of h?
3
Suppose -9*y + 1678 + 950 = 0. What is the units digit of y?
2
Suppose 0*z = -z. Suppose z = -5*a + 5 + 10. Suppose -9 = -2*l - 0*l - k, 5*k = -a*l + 24. What is the units digit of l?
3
Suppose 6*j + 8 = 10*j, 0 = -5*h - j + 702. What is the units digit of h?
0
Let a be (-14)/4 + (-4)/(-8). Let r(o) be the first derivative of -o**4/2 + 2*o**3/3 + o**2/2 - 7*o + 45. What is the units digit of r(a)?
2
Suppose -112114 = 359*w - 388*w. What is the thousands digit of w?
3
Let d be ((-204)/(-10))/(6/20). Suppose 0*y - y = n - 88, n - 4*y - d = 0. What is the tens digit of n?
8
Let s(x) = -x**3 + 5*x**2 - 11*x - 10. What is the tens digit of s(-5)?
9
Let i(l) = -l**3 + 4*l**2 - 4*l + 6. Suppose -2*w - 2*w = -16. Let y be i(w). What is the units digit of 74/4 - (-5)/y?
8
Let b = 79 + -42. Let k = 104 - b. What is the tens digit of k?
6
Let s(f) = 19 - 7*f - 42 + 13. What is the tens digit of s(-3)?
1
What is the hundreds digit of (2 - 1 - -220)/1?
2
Suppose -322 = -3*q + 2636. What is the units digit of q?
6
Suppose -3*w + 7 = -2. Suppose 0 = -w*z - 2*h - 0*h + 108, -3*z + 4*h + 108 = 0. What is the tens digit of z?
3
Let t(w) = w**2 + 2*w - 7. Suppose 2*f - 3*f = -25. Suppose 2*x + 3*z = -f, 3*x + 28 = -3*z - 2. What is the units digit of t(x)?
8
Let j = 3171 + -187. What is the thousands digit of j?
2
Let s(l) = -2*l**3 - 60*l**2 + 15*l + 14. What is the thousands digit of s(-31)?
1
Suppose 63*m - 22*m - 159326 = 0. What is the hundreds digit of m?
8
Let h be (-27 - 3)*(-26)/5. Suppose -t + 4 = -2*o - 1, -3*t + 15 = 4*o. Suppose 5*i - 93 - 70 = -3*u, -4*u - h = -t*i. What is the tens digit of i?
3
Let w(q) = q**3 - 4*q**2 + 2*q - 16. Suppose 16*d - 7*d - 63 = 0. What is the tens digit of w(d)?
4
Suppose 4*y = -26*o + 23*o + 186, -310 = -5*o + y. What is the units digit of o?
2
Suppose 0 = -39*s - 17*s + 4816. What is the tens digit of s?
8
Let o(u) = 263*u**2 + 13*u + 28. What is the thousands digit of o(-2)?
1
Suppose q + q = 4*h - 7120, 2*h + 3*q = 3560. What is the tens digit of h?
8
Let c be ((-380)/(-50))/((-1)/5). Let t = c - -41. Suppose -t*u = -u - 60. What is the tens digit of u?
3
Suppose 11*t - 7*t - 64 = 0. Suppose -t*h + 145 = -11*h. What is the units digit of h?
9
Let m = 1311 + -1036. What is the hundreds digit of m?
2
Suppose 6*s = -6 + 48. Suppose 5*w = 57 - s. What is the units digit of w?
0
Let b(m) be the second derivative of -m**5/20 - m**4/3 - m**3/2 + 3*m**2/2 + 2*m. What is the units digit of b(-5)?
3
Let m = 39 - 34. What is the units digit of 9/15 - (-2)/m?
1
Suppose 1554 = 38*h - 36*h - 2*l, h + 5*l = 747. What is the hundreds digit of h?
7
Let w(a) = -a**3 - 7*a**2 + 6*a + 40. What is the hundreds digit of w(-11)?
4
Let g be 187/17 - (1 + -5). Let u(c) = c**3 - 16*c**2 + 16*c - 21. Let r be u(g). What is the units digit of -1 - (0 + (r - -4))?
1
Let n(y) be the first derivative of -y**2 - 14*y - 12. Let p be n(5). Let u = p - -32. What is the units digit of u?
8
Let u = -3 - 1. Let a be (-1)/(-2)*u*-2. What is the units digit of 30/a + 1/2?
8
Let o(k) = 8*k + 4. Let p be ((-4)/6)/((-10)/(-30)). Let z be o(p). What is the units digit of z/8 - 93/(-2)?
5
What is the thousands digit of 24/180 + (-62156)/(-30)?
2
Suppose -d - 5*h + 23 = d, -2*d - 2*h + 14 = 0. Suppose 5*o - 446 = -106. What is the units digit of o + 6 + d/(-1)?
0
Let k(i) = 26*i - 1. Let x(r) = 13*r - 1. Let o(v) = 3*k(v) - 7*x(v). What is the tens digit of o(-2)?
3
Let q(n) = -n**2 - 6*n + 1. Let x be q(-6). Let a be (x/(-3))/(8/(-120)). Suppose -3*o = a - 47. What is the units digit of o?
4
Let v(w) be the first derivative of 6*w**2 - 11*w + 9. What is the tens digit of v(9)?
9
Let u(d) be the second derivative of d**4/6 + 3*d**3 - d**2/2 + 6*d. What is the units digit of u(-11)?
3
Let z(w) = 2*w + 1. Let g be z(1). Suppose -445 + 44 = -4*v - 3*n, g*v + 5*n = 298. What is the units digit of v?
1
Let v(i) = -6*i**2 + 3*i. Let h = 21 - 19. Let u be v(h). What is the tens digit of 529/9 - 4/u?
5
Let x be ((-4)/(-3))/4*0. Suppose z + 3 = 11. Suppose -z*y + 4*y + 56 = x. What is the tens digit of y?
1
Let s(c) = -88*c - 2. Let n be s(-3). Suppose 2*h = -5*k + h + 611, 0 = 2*k - 4*h - n. Suppose -k = -5*u - 23. What is the tens digit of u?
2
Let y(f) = -2*f**2 - 36*f - 18. What is the tens digit of y(-11)?
3
Let u = -15 - -19. Let b(r) = -r - 1. Let a be b(u). What is the tens digit of 0/(-1) + (30 - a)?
3
Suppose 48*d = 4*y + 49*d - 11149, 0 = 4*y - 5*d - 11167. What is the units digit of y?
8
Suppose 3*j - 5*j = -102. Suppose -3*t + j = -105. What is the units digit of t?
2
Suppose -15 = -f - 4*f. Suppose 0 = f*p - 30 - 123. What is the units digit of p?
1
Let c = 9 + -7. Suppose -c*i - 2*h + 30 = -3*h, -2*i + 5*h + 22 = 0. Suppose 5*d - i = 3*d. What is the units digit of d?
8
Suppose 58*a - 26289 - 46443 = 0. What is the hundreds digit of a?
2
Let g = -1387 - -3754. What is the tens digit of g?
6
Let k = -9 + 30. What is the tens digit of -2*(-20)/15*k?
5
Let h(q) = q**3 + 20*q**2 + 20*q + 21. Let x be h(-19). What is the units digit of ((4 + 0)/x)/(4/50)?
5
What is the hundreds digit of (8349/115)/((-1)/(-15)*3)?
3
Suppose -3043 - 725 = -12*v. What is the units digit of v?
4
Let q(y) = -y**3 - 13*y**2 + 24*y + 26. What is the tens digit of q(-18)?
1
Let h(y) = -43*y - 75. What is the tens digit of h(-2)?
1
Let k be -2 + (468/15)/(6/20). Suppose t + 2*l = k, 0 = -2*t + 3*l + 2*l + 177. What is the tens digit of t?
9
What is the units digit of (-15)/25 - (-202950)/125?
3
Let b(r) = -3*r**2 + 92*r + 66. Let k(m) = -m**2 + 31*m + 22. Let t(j) = 4*b(j) - 11*k(j). What is the tens digit of t(12)?
0
Suppose 212 = -u + 3043. What is the hundreds digit of u?
8
Let m = -10 + 1. Let n = -5 - m. Suppose 0 = -k + 6*k + 5*x - 120, 2*x - 92 = -n*k. What is the tens digit of k?
2
Suppose 367*d + 6608 = 375*d. What is the units digit of d?
6
Suppose -3*f + 37 = k, -2*k + 31 = 4*f + 3*k. Suppose -w - 2*j + 7 = 0, 3*w + 3*j - 29 = 5*j. What is the units digit of w/(-21) - (-342)/f?
4
Let u(j) = 70*j**2 - 19*j + 33. What is the thousands digit of u(-8)?
4
Suppose 4*o - 10 = 3*b, 5*b + 5*o - 22 = 2*o. Suppose 5*j + 46 = 5*w + 276, w = -5*j + 230. Let l = b + j. What is the tens digit of l?
4
Suppose 0 = 2*h + 3*z + 4, -h - 2*z + z = 0. Let j = h - -94. What is the units digit of j?
8
Let m = 308 + -244. What is the tens digit of m?
6
Let o = -1357 - -3026. What is the thousands digit of o?
1
Let p = 37 + -157. What is the units digit of (30/(-8))/(18/p)?
5
Suppose 3 = 3*s - 2*o, o - 4 + 7 = 3*s. Let w = s + 4. Suppose 4*a + 4*f = 339 - 59, a + w*f = 66. What is the tens digit of a?
7
What is the thousands digit of (-2)/14 - (-2770295)/1687?
1
Suppose 2*u + 2*b - 1 = b, -4*b - 8 = 4*u. Suppose -5*j + u*h - 1 = -11, 0 = h. Suppose -o + 15 = j*o, -2*k - 4*o + 42 = 0. What is the tens digit of k?
1
Suppose 2*u = -67 - 23. Let x(g) = -5*g**2 - 11*g - 20. Let l be x(-5). Let f = u - l. What is the tens digit of f?
4
Let v(s) = -12*s**2 - 3*s + 1. Let i(k) = -13*k**2 - 2*k. Let a(x) = -4*i(x) + 3*v